89?
0
What is the ten thousands digit of 42003?
4
What is the ten thousands digit of 110440?
1
What is the ten thousands digit of 918228?
1
What is the units digit of 305449?
9
What is the hundreds digit of 323028?
0
What is the tens digit of 17227123?
2
What is the ten thousands digit of 1938879?
3
What is the ten thousands digit of 416465?
1
What is the millions digit of 4976533?
4
What is the units digit of 134971?
1
What is the hundred thousands digit of 224167?
2
What is the thousands digit of 49813?
9
What is the hundred thousands digit of 6081816?
0
What is the units digit of 9380975?
5
What is the thousands digit of 200520?
0
What is the tens digit of 351989?
8
What is the tens digit of 15623668?
6
What is the hundreds digit of 337700?
7
What is the thousands digit of 104585?
4
What is the ten thousands digit of 2965949?
6
What is the hundred thousands digit of 2248544?
2
What is the ten thousands digit of 180432?
8
What is the ten thousands digit of 2206740?
0
What is the ten thousands digit of 442411?
4
What is the thousands digit of 1094532?
4
What is the thousands digit of 9078221?
8
What is the thousands digit of 843063?
3
What is the hundreds digit of 390570?
5
What is the units digit of 11924785?
5
What is the thousands digit of 9482132?
2
What is the ten thousands digit of 299662?
9
What is the millions digit of 3711920?
3
What is the units digit of 71137?
7
What is the units digit of 48587?
7
What is the thousands digit of 953146?
3
What is the thousands digit of 1109482?
9
What is the millions digit of 8457270?
8
What is the hundreds digit of 5140052?
0
What is the hundreds digit of 16295283?
2
What is the hundreds digit of 281730?
7
What is the thousands digit of 1026277?
6
What is the tens digit of 5328072?
7
What is the units digit of 11905?
5
What is the tens digit of 787717?
1
What is the thousands digit of 750476?
0
What is the ten millions digit of 39521922?
3
What is the thousands digit of 7134?
7
What is the hundreds digit of 9995?
9
What is the hundreds digit of 19160863?
8
What is the ten millions digit of 11239429?
1
What is the hundred thousands digit of 25274538?
2
What is the thousands digit of 18146?
8
What is the hundreds digit of 35782?
7
What is the tens digit of 312225?
2
What is the units digit of 126976?
6
What is the units digit of 10583842?
2
What is the hundreds digit of 190681?
6
What is the hundreds digit of 914070?
0
What is the hundred thousands digit of 713124?
7
What is the tens digit of 999703?
0
What is the units digit of 121831?
1
What is the ten thousands digit of 34602748?
0
What is the hundred thousands digit of 361352?
3
What is the thousands digit of 97797?
7
What is the ten thousands digit of 152925?
5
What is the thousands digit of 3505754?
5
What is the thousands digit of 1731948?
1
What is the thousands digit of 968109?
8
What is the ten thousands digit of 250298?
5
What is the hundreds digit of 168918?
9
What is the units digit of 1401040?
0
What is the units digit of 955870?
0
What is the hundred thousands digit of 306146?
3
What is the tens digit of 1306818?
1
What is the units digit of 530466?
6
What is the hundreds digit of 270528?
5
What is the units digit of 495327?
7
What is the hundreds digit of 433401?
4
What is the units digit of 1310064?
4
What is the hundreds digit of 664060?
0
What is the hundred thousands digit of 396702?
3
What is the hundred thousands digit of 3223927?
2
What is the thousands digit of 1778383?
8
What is the thousands digit of 483541?
3
What is the units digit of 4739124?
4
What is the hundreds digit of 2169859?
8
What is the thousands digit of 677276?
7
What is the units digit of 322541?
1
What is the thousands digit of 3188535?
8
What is the tens digit of 1579766?
6
What is the hundreds digit of 20134447?
4
What is the thousands digit of 556759?
6
What is the tens digit of 35767029?
2
What is the ten thousands digit of 16942?
1
What is the tens digit of 1025349?
4
What is the tens digit of 7040?
4
What is the millions digit of 1138075?
1
What is the tens digit of 4225524?
2
What is the ten thousands digit of 431871?
3
What is the hundreds digit of 919235?
2
What is the hundreds digit of 5651030?
0
What is the hundreds digit of 929725?
7
What is the hundred thousands digit of 1045896?
0
What is the hundred thousands digit of 2189117?
1
What is the hundreds digit of 22996709?
7
What is the hundreds digit of 1300020?
0
What is the units digit of 40195123?
3
What is the hundred thousands digit of 558580?
5
What is the millions digit of 18019921?
8
What is the ten thousands digit of 7118788?
1
What is the ten thousands digit of 51072?
5
What is the units digit of 160521?
1
What is the thousands digit of 1290853?
0
What is the thousands digit of 3367152?
7
What is the hundred thousands digit of 901879?
9
What is the tens digit of 132503?
0
What is the thousands digit of 206269?
6
What is the ten thousands digit of 3153996?
5
What is the units digit of 6568552?
2
What is the units digit of 104984?
4
What is the thousands digit of 1266669?
6
What is the hundreds digit of 4260038?
0
What is the thousands digit of 1955501?
5
What is the ten thousands digit of 238524?
3
What is the hundreds digit of 72576?
5
What is the tens digit of 15660273?
7
What is the ten thousands digit of 351596?
5
What is the tens digit of 138204?
0
What is the hundred thousands digit of 213931?
2
What is the hundreds digit of 127383?
3
What is the hundreds digit of 1254494?
4
What is the millions digit of 10878830?
0
What is the thousands digit of 211935?
1
What is the tens digit of 581355?
5
What is the hundreds digit of 2132829?
8
What is the hundreds digit of 1326777?
7
What is the hundred thousands digit of 5275210?
2
What is the ten thousands digit of 102677?
0
What is the thousands digit of 1089843?
9
What is the hundreds digit of 12323789?
7
What is the thousands digit of 1412522?
2
What is the millions digit of 11699626?
1
What is the ten thousands digit of 3139011?
3
What is the units digit of 110327?
7
What is the millions digit of 3791759?
3
What is the units digit of 34908?
8
What is the units digit of 128257?
7
What is the units digit of 775045?
5
What is the hundred thousands digit of 1233640?
2
What is the tens digit of 2792365?
6
What is the hundred thousands digit of 875167?
8
What is the tens digit of 82310?
1
What is the millions digit of 2724936?
2
What is the ten thousands digit of 506723?
0
What is the hundreds digit of 4170873?
8
What is the tens digit of 1967892?
9
What is the units digit of 1604536?
6
What is the millions digit of 7917716?
7
What is the hundreds digit of 1752130?
1
What is the tens digit of 227331?
3
What is the hundred thousands digit of 267135?
2
What is the ten thousands digit of 39362?
3
What is the units digit of 1701630?
0
What is the units digit of 3537728?
8
What is the ten thousands digit of 499354?
9
What is the hundreds digit of 916308?
3
What is the hundreds digit of 32156170?
1
What is the ten thousands digit of 42744057?
4
What is the ten thousands digit of 20565?
2
What is the ten thousands digit of 507010?
0
What is the hundred thousands digit of 3561775?
5
What is the hundreds digit of 710316?
3
What is the ten thousands digit of 677358?
7
What is the units digit of 21417106?
6
What is the tens digit of 13538217?
1
What is the tens digit of 166679?
7
What is the tens digit of 403940?
4
What is the hundred thousands digit of 8007324?
0
What is the millions digit of 1798312?
1
What is the thousands digit of 1615415?
5
What is the ten thousands digit of 111400?
1
What is the hundreds digit of 1952027?
0
What is the tens digit of 7932172?
7
What is the ten thousands digit of 155487?
5
What is the hundreds digit of 8047623?
6
What is the hundred thousands digit of 4956394?
9
What is the thousands digit of 655189?
5
What is the millions digit of 1419796?
1
What is the hundred thousands digit of 5165918?
1
What is the ten thousands digit of 893689?
9
What is the millions digit of 13342496?
3
What is the hundreds digit of 829155?
1
What is the tens digit of 249991?
9
What is the ten thousands digit of 145089?
4
What is the hundreds digit of 2511010?
0
What is the units digit of 146795?
5
What is the ten thousands digit of 594372